?
-22
Let b = 6146 + -6158. Let s(p) = -p**2 - 10*p + 30. Calculate s(b).
6
Let y(z) = z**2 - 4*z - 5. Suppose -3*x - 4*r - 81 = 0, 9*x = 12*x + 3*r + 81. Let n(t) = -t**3 - 27*t**2 + 2*t + 60. Let d be n(x). What is y(d)?
7
Let x(m) = -19*m - 20*m - 45 - 3*m**2 - 7*m**2 + 9*m**2. Calculate x(-38).
-7
Let t(x) = 3*x**3 - 303*x**2 - 3*x - 4. Let b(m) = -11*m**3 + 1164*m**2 + 11*m + 15. Let y(n) = -6*b(n) - 23*t(n). Determine y(-5).
-13
Let z be (93 + -101 - (-5 - 1)) + (8 - 1). Let t(y) = -3*y**3 + 2*y**3 - 5*y**2 + 2*y**3 - y. Give t(z).
-5
Let w(j) = 2*j**2 + j + 31. Let v(d) = 3*d - 1. Let k(a) = -11*v(a) + w(a). Give k(14).
-14
Suppose 17 = 5*r + w, 1 + 27 = 4*r - 4*w. Suppose 0 = -r*x - x + 45. Let y be 12/x + (-16)/3. Let t(a) = -a**3 - 3*a**2 + 4*a - 4. Calculate t(y).
-4
Suppose 0 = -l - 0*f - 2*f + 180, 4*l - 2*f - 730 = 0. Let c = 177 - l. Let z(s) = -s**2 - 6*s - 5. Calculate z(c).
0
Let n(l) be the first derivative of -l**2/2 - 11*l - 1223. Determine n(6).
-17
Let a(v) = -13*v - 65. Let w be 9/(-3 + (13 - 11)). Give a(w).
52
Let x(y) = 4*y**2 + y - 1. Let z be -1 + (106/3)/(1/3). Let j be (-15)/(z/14) + 3. Determine x(j).
4
Let b(q) = -4*q + 81. Let g(c) = 756*c - 2253. Let y be g(3). Give b(y).
21
Let u(q) be the second derivative of q**8/560 - q**7/2520 + q**6/720 - q**5/120 - q**4/6 + q**2 - 22*q - 2. Let o(l) be the third derivative of u(l). Give o(1).
11
Suppose -249 + 704 = -7*k. Let m = 68 + k. Let n(w) = m*w - 2*w + 7 - 5 + 5. Determine n(-5).
2
Suppose -6*a - 93 + 345 = 0. Let p be (-5)/((-7)/(a/30)). Let n(k) = 2*k**2. Determine n(p).
2
Let o = -563 - -569. Let z(k) be the second derivative of -k**7/2520 + k**6/90 - k**5/60 + k**4/3 - 9*k. Let c(r) be the third derivative of z(r). Give c(o).
10
Let n(t) be the second derivative of -13*t**5/20 + t**4/12 - t**3/6 + 9*t - 1. Let m be ((-3)/(-18))/((-5)/15)*-2. What is n(m)?
-13
Let s(p) = p**2 - 13*p + 43. Let g be s(5). Let j(v) = -v + 1 + 33*v**3 - 12*v**2 + 2*v - 34*v**g. Calculate j(-12).
-11
Let q(y) = -8*y**3 + 19*y**2 - 11*y + 16. Let z be 44/(-11) + -6 - -12. Give q(z).
6
Let o(n) be the first derivative of -n**5/20 - 5*n**4/12 - n**3/6 + n**2/2 + 20*n + 137. Let x(l) be the first derivative of o(l). Calculate x(-5).
6
Let b be 2*(-3 - (-14)/4) + -16. Let a = b + 23. Suppose -2*w + a - 18 = 0. Let n(s) = s**3 + 4*s**2 - 3*s - 4. Calculate n(w).
-14
Let k = -12876 + 12874. Let p(a) = a**2 + 5*a - 4. Let y(c) = -1. Let q(z) = p(z) - 6*y(z). Determine q(k).
-4
Suppose 3834*s - 3788*s + 690 = 0. Let j(u) = u**2 + 13*u - 12. Give j(s).
18
Suppose 2*z - 20 = -3*z. Let y be z/3*(-39)/26. Let n(k) = -2*k**2 - 4*k - 6. Let v(a) = a**2 + 2*a + 4. Let j(q) = -3*n(q) - 5*v(q). Give j(y).
-2
Let x = -60 - -62. Let u(y) = -14*y**2 + 5*y**2 + 2*y + 12*y**x. Calculate u(-2).
8
Let d be (-4 - 10)*2/4. Let k(c) = -2*c**3 - 7*c**2 - 11*c - 6. Let x(n) = 3*n**3 - 1 - 4*n**3 - 2 - 3*n**2 - 5*n. Let t(g) = d*x(g) + 3*k(g). What is t(-2)?
-9
Let i(h) = 9*h - 2. Let d(o) = -o**2 + 32*o + 55. Let a(g) = -d(g) - i(g). Determine a(42).
-11
Let q(p) = p**2 + 0*p + 545 - 1107 + 563 + p. What is q(-5)?
21
Let k(o) = -6 + 101*o**2 - 41*o**2 - 67*o**2 - 42*o - 5. Determine k(-6).
-11
Let i be (-10)/20 - (-1 - (-183)/6). Let m be (-27 - i)/(2 - 1). Let r(k) = -4*k + 8. Give r(m).
-4
Let i be 1446/(-1928) + 6/8. Let p(v) = v + 7 - 7 - 34. Determine p(i).
-34
Let b(a) = 6*a - 1. Let w(t) = -5*t. Suppose 0 = 6*j - j. Let v be w(j). Suppose 3*k = x - 5, 4*x + v*x - 6 = 5*k. Determine b(x).
-7
Let w(b) be the second derivative of -b**5/20 + b**3/2 + 5*b**2/2 + 925*b. Determine w(3).
-13
Let x be (-25)/5 - (9 - 16). Let j(i) = -3*i**x + 3 - i**2 - 21*i + 25*i. What is j(-1)?
-5
Let l(w) = w**2 - 9*w - 4. Let c = 224 - 330. Let o = c + 103. Let r be (-1)/(o*2/54). Determine l(r).
-4
Let v(q) be the first derivative of -39*q**2/2 - 15*q + 5319. What is v(0)?
-15
Suppose -94*i + 88 = 101*i - 206*i. Let t(n) be the first derivative of -n**3/3 - 5*n**2 - 5*n - 2. Give t(i).
11
Let z(f) = -f**2 + 18*f + 25. Suppose -47 = -i - 4*a, -72 = -4*i - a + 11. Calculate z(i).
6
Let a(i) be the third derivative of i**6/60 + 13*i**5/12 + 11*i**4/8 + 29*i**3/6 - 1620*i**2. What is a(-32)?
-3
Let a(k) = 2*k**2 + 10*k - 31. Suppose -4*j = 2*n - 44, 365*n = 360*n + 3*j + 6. Calculate a(n).
101
Suppose 3*m + 3*i + i = 403, 0 = 5*i - 5. Suppose m = -h + 126. Let l(x) be the first derivative of x**4/4 + 7*x**3/3 - 9*x - 1. Calculate l(h).
-9
Let d(b) = -5*b + 201. Let l be (-5 - -3)/(-2) + 9160/229. Determine d(l).
-4
Let j(d) = -5*d - 59. Suppose -876*w + 706*w = 3400. Determine j(w).
41
Let w(z) = -6 + 5 + 9*z + 0 - 1 + 12*z. Calculate w(2).
40
Suppose 711 = -37*r + 193. Let h(f) = f**3 + 15*f**2 + 12*f + 5. Give h(r).
33
Let y(a) = 5*a - 4 + 706079*a**3 - 706080*a**3 + 3*a**2 + a. Let k(v) = 2*v**2 + 3*v + 3. Let n be k(-2). Determine y(n).
-24
Let k(v) = -9. Let g = -331 - -327. Let o(m) = -m + 9. Let b(i) = g*o(i) - 3*k(i). What is b(7)?
19
Let u(x) = x**2 + 2*x - 2. Suppose -26*q = -23*q - 90. Suppose 18 = -q*p + 27*p. What is u(p)?
22
Let u(w) = -w**2 - 6284040*w + 0*w**2 + 6284046*w + 11. Determine u(7).
4
Let o(f) = 13*f**2 - 22*f - 240. Let v(a) = 9*a**2 - 19*a - 160. Let d(p) = -7*o(p) + 10*v(p). What is d(-38)?
4
Let d = -4151 + 4144. Let y(c) = -2*c - 16. What is y(d)?
-2
Let x(s) be the third derivative of 0*s + 1/60*s**5 - 1/6*s**3 + 0 + 0*s**4 - 58*s**2. Suppose 2*r - 3*u = 2*u + 6, 3*u - 3 = -r. Give x(r).
8
Suppose 20 = 5*k - 0. Let g be (0 - 2 - -3)*k/1. Let b(d) = 425 - g*d + 5*d - 415. Give b(0).
10
Let r(p) = 2*p + 1. Let o(f) = f**3 - 7*f**2 + 4*f + 14. Let s be o(6). Suppose 4*u = -s*l - 92, 3*l = 6*u - 2*u - 118. Let i be (-6)/21 - (-114)/l. Give r(i).
-5
Let k(p) = -3*p + 2299068806 + p**2 - 4*p**2 + 2*p**2 - 2299068807. Suppose -2*z + z = 0. What is k(z)?
-1
Let g(j) = 1175 - 37*j + 1252 - 2416. What is g(1)?
-26
Let u = -339 - -505. Let m(b) = -19*b + 168*b**2 + 20*b - u*b**2 - 18*b**3. Determine m(-1).
19
Suppose 1643 = 5*i + 4*u, 5*i - 2*u = i + 1304. Let x(t) = 325*t - 651*t + i*t - 14 + t**2. Determine x(0).
-14
Let j(m) be the second derivative of -m**5/20 - m**4/2 - m**3/3 - 6*m**2 - 475*m. Calculate j(-6).
0
Let a(w) = 225*w + 222. Let d be a(-1). Let m(x) = -x**3 + 4*x**2 - x - 2. What is m(d)?
64
Let s(z) = 8*z + 3. Suppose 59*n + 24*n = -249. What is s(n)?
-21
Let u(h) = -15*h - 61 + 13*h + 0*h**2 + h**2 + 59. Let q be u(4). Let l(w) = 2 + 8*w**2 + 6 - 15*w**2 + q*w**2. What is l(0)?
8
Let f(g) be the third derivative of -g**5/60 + 11*g**4/24 + 7*g**3/6 - g**2. Suppose -353*p - 363*p + 7970 = 81*p. Determine f(p).
17
Let d be (-1)/(-2)*-2 - (18 + -1). Let q = -12 - d. Let h(v) = -3*v + 3. Let r(p) = -10*p + 10. Let u(w) = -7*h(w) + 2*r(w). What is u(q)?
5
Let d be (3 - (-48)/(-15)) + (-72)/40. Let t be d - (156/10)/((-15)/(-50)). Let c = t - -56. Let g(q) = -q**3 + q**2 - 2*q + 1. What is g(c)?
-7
Let u = -29 - 11. Let i = -35 - u. Let h(g) be the first derivative of -g**4/4 + 2*g**3 - g**2 - 5*g + 2. Determine h(i).
10
Let t be 8/(-6)*567/(-36). Suppose 5*i + t = 1. Let g = i + 6. Let z(l) = -2*l**2 + 1. Give z(g).
-7
Let t(n) be the first derivative of n**2/2 + 11*n - 6. Suppose -19*d - 114 - 36 = -4*d. Give t(d).
1
Suppose -4*n + 6 = 5*d - 7*d, -3*n = 2*d - 29. Let x(t) = t**2 - 21*t + 102. Give x(d).
4
Let a(j) = j**2 - j + 9. Let t(v) = -v**3 + 35*v**2 + 47*v - 13. Let r(d) = 6*a(d) + t(d). Give r(42).
-1
Let z = -659 - -652. Let r be 0/((10/(-35)*z)/(-1)). Let t(a) = a**2 - 4*a + 4. Give t(r).
4
Let q(g) = -g**2 - 2*g - 1. Let y be -4 + -43 + (-1 - -4). Let a = -36 - y. Let w = 7 - a. Calculate q(w).
0
Let p(u) = -u - 2. Let h be (-6 - -10*11) + 2. Let z = -113 + h. What is p(z)?
5
Let u(z) be the second derivative of -z**5/120 + z**4/3 - z**3/3 + 4*z. Let r(p) be the second derivative of u(p). Let n = -2816 + 2809. Determine r(n).
15
Let a(h) = h**3 + 12*h**2 + 2*h + 14. Let j be 8/(-3)*126/(-24). Let q be 77/j*-2 - 1. What is a(q)?
-10
Suppose 3*w - 3*p = -5*p + 19, 5*p + 20 = 0. Let d(m) = -w - 2 - 3 + 11 - 3*m. Suppose 3*u = 2*x, 19*u - 11 = -x + 15*u. Calculate d(x).
-12
Let t(c) = -2*c**3 - 12*c**2 + 2*c + 21. Let r(p) = 3*p**3 + 22*p**2 - 3*p - 43. Let f(j) = 3*r(j) + 5*t(j)